+ 329. Determine o(-15).
14
Let f(b) = -b**3 + 6*b**2 + 3*b + 16. Determine f(7).
-12
Let h(b) = 14*b**2 - b - 1. Determine h(-1).
14
Let d(h) = 2*h**2 + 4*h + 9. What is d(-6)?
57
Let m(u) = -4*u**2 + 25*u. What is m(7)?
-21
Let q(h) = h**3 - 8*h**2 - 2*h + 12. What is q(8)?
-4
Let k(u) = -5*u - 53. Give k(-9).
-8
Let p(g) = g**2 + g - 7. Determine p(-3).
-1
Let d(w) = w**2 + w - 3. Give d(-2).
-1
Let f(y) = -y**3 - 17*y**2 - 2*y - 23. Calculate f(-17).
11
Let t(m) = -3*m + 15. Determine t(1).
12
Let q(z) = -z**3 + 8*z**2 - 8*z + 8. Determine q(8).
-56
Let l(a) = 5*a**2 + 4*a - 2. Give l(-2).
10
Let h(l) = l**3 - 3*l**2 + 3*l + 20. Give h(-4).
-104
Let u(m) = 2*m**2 + 21*m + 25. Calculate u(-8).
-15
Let k(j) = 4*j + 18. What is k(-6)?
-6
Let c(l) = l**3 + 8*l**2 - 44*l + 44. Determine c(-12).
-4
Let h(r) = -r**2 + 5*r + 42. Give h(8).
18
Let c(m) = -m**2 - 10*m + 3. Determine c(-5).
28
Let u(t) = 70*t - 348. What is u(5)?
2
Let m(t) = -3*t + 26. Give m(6).
8
Let b(p) = -7*p - 2. Determine b(3).
-23
Let t(d) = -d**2 - 12*d + 12. Give t(-9).
39
Let q(p) = -p**3 + 10*p**2 - 7*p - 12. Calculate q(10).
-82
Let s(h) = -5*h**3 - 36*h**2 - 12*h - 29. Determine s(-7).
6
Let m(c) = -15*c - 2. Give m(-2).
28
Let h(l) = 11*l + 9. Calculate h(3).
42
Let o(i) = -i + 10. Calculate o(5).
5
Let o(b) = -b + 12. Determine o(11).
1
Let m(r) = 2*r**2 + 20*r + 15. What is m(-8)?
-17
Let x(f) = -2*f**2 + 6*f + 3. What is x(6)?
-33
Let y(i) = -32*i + 30. Calculate y(6).
-162
Let d(q) = 2*q**2 - 29*q - 10. Give d(15).
5
Let s(u) = 2*u + 40. Determine s(-15).
10
Let n(b) = -b**2 + 3*b + 3. Calculate n(6).
-15
Let o(p) = -3*p**3 + 35*p**2 + 13*p - 29. What is o(12)?
-17
Let h(t) = t**3 - 4*t**2 - 8*t + 6. Determine h(5).
-9
Let z(c) = c**2 + c - 12. Give z(0).
-12
Let q(u) = -u**3 + 5*u**2 + 4*u + 2. Determine q(6).
-10
Let g(d) = -d**3 + 2*d**2 + 3*d + 4. Give g(3).
4
Let u(o) = o**3 + 8*o**2 + o - 2. Give u(-6).
64
Let o(p) = p**3 - 4*p**2 - 2*p + 9. Give o(4).
1
Let i(r) = 12*r - 21. Determine i(2).
3
Let t(y) = 256*y - 3073. What is t(12)?
-1
Let l(x) = 5*x - 9. Determine l(7).
26
Let r(m) = m**3 + 9*m**2 - m - 7. Give r(-9).
2
Let m(z) = z**3 + 4*z**2 - 4*z - 16. Calculate m(-4).
0
Let s(z) = -z**3 + 5*z**2 - 4*z + 2. Determine s(4).
2
Let a(s) = -s - 1. Calculate a(2).
-3
Let v(y) = 4*y - 20. Give v(3).
-8
Let l(x) = -3*x**2 - 3*x + 4. Determine l(1).
-2
Let r(i) = 5*i + 42. Determine r(7).
77
Let x(z) = -z - 6. Calculate x(5).
-11
Let x(i) = 3*i**2 + 19*i - 6. What is x(-7)?
8
Let j(h) = 2*h - 45. What is j(10)?
-25
Let i(s) = -7*s + 152. What is i(23)?
-9
Let j(g) = 13*g**2 + 5*g - 3. Calculate j(2).
59
Let s(i) = 2*i**3 + 59*i**2 + 30*i + 12. Determine s(-29).
-17
Let g(v) = v**2 + 4*v - 68. What is g(-12)?
28
Let r(g) = g**2 + 11*g + 36. Determine r(-7).
8
Let d(q) = -56*q + 1. Give d(-1).
57
Let n(x) = x**3 - 5*x**2 + 5*x. Determine n(4).
4
Let y(j) = j**2 - 15*j + 60. What is y(9)?
6
Let p(j) = j**3 - 24*j**2 - 28*j + 27. What is p(25)?
-48
Let y(v) = -10*v - 7. Give y(0).
-7
Let a(h) = -h**3 - 18*h**2 - 73*h - 19. Determine a(-12).
-7
Let l(z) = 7*z**2 - 7*z + 3. Determine l(3).
45
Let g(w) = -28*w - 30. Calculate g(-1).
-2
Let n(f) = -f**3 - 5*f**2 - 12*f - 12. Determine n(-4).
20
Let t(l) = 3*l**3 - 8*l**2 - 8*l + 10. Calculate t(4).
42
Let q(i) = -i - 9. Calculate q(0).
-9
Let q(c) = c**2 - 6*c - 5. Give q(-2).
11
Let w(b) = -125*b - 3. What is w(1)?
-128
Let l(j) = j**2 + 3*j + 3. What is l(3)?
21
Let s(t) = 2*t**3 + 133*t**2 + 66*t - 15. What is s(-66)?
-15
Let u(v) = -v**3 - v**2 + 20. Calculate u(0).
20
Let d(r) = -2*r**2 - 4*r + 2. Give d(-4).
-14
Let m(l) = -2*l + 15. Determine m(18).
-21
Let g(m) = 35*m - 292. Determine g(8).
-12
Let m(w) = 3*w + 11. Give m(-15).
-34
Let m(u) = u**3 - 11*u**2 + 5*u - 12. Calculate m(11).
43
Let b(c) = c**3 + 14*c**2 - 119*c + 19. Give b(-20).
-1
Let q(n) = n**2 - 14*n - 34. Calculate q(-4).
38
Let x(y) = 24*y**3 + 2*y**2 - y. What is x(1)?
25
Let u(k) = k**2 + 10*k - 24. What is u(-12)?
0
Let r(x) = 10*x - 509. What is r(50)?
-9
Let u(c) = -3*c**2 + 39*c - 112. Give u(8).
8
Let d(h) = 9*h**3 - 2*h**2 - 2*h - 1. Calculate d(-1).
-10
Let y(o) = o - 4. What is y(9)?
5
Let n(s) = -2*s + 28. Calculate n(14).
0
Let h(t) = -32*t**3 + t**2 + t - 1. Calculate h(1).
-31
Let o(c) = -10*c - 9. Give o(6).
-69
Let n(w) = w**3 - w**2 - 20. What is n(0)?
-20
Let n(l) = l + 1. Determine n(2).
3
Let s(x) = -x**2 + 4*x + 3. What is s(-5)?
-42
Let z(f) = f**3 + 14*f**2 + 11*f + 6. What is z(-13)?
32
Let q(c) = c**3 - 6*c**2 - 11*c + 4. Calculate q(7).
-24
Let d(h) = -h**3 + 3*h**2 - h + 13. Give d(4).
-7
Let f(o) = 97*o - 3. What is f(-2)?
-197
Let r(f) = 2*f**2 + 6*f - 17. What is r(2)?
3
Let a(u) = u**3 + 8*u**2 + u - 9. Determine a(-8).
-17
Let z(m) = 11*m - 5. Calculate z(3).
28
Let v(s) = -8*s + 15. Give v(6).
-33
Let o(v) = -v**3 - 8*v**2 - 6*v - 2. Calculate o(-7).
-9
Let f(l) = 2*l**3 + 32*l**2 - 2*l - 36. What is f(-16)?
-4
Let q(l) = -l**3 + 14*l**2 - 26*l - 9. Determine q(12).
-33
Let c(p) = -p**2 - 19*p - 32. Determine c(-17).
2
Let x(d) = 8*d + 344. Calculate x(-44).
-8
Let m(r) = r + 1. Determine m(-8).
-7
Let o(c) = 2*c**2 + 20*c - 5. Give o(-11).
17
Let q(h) = h**2 + 5*h - 11. What is q(2)?
3
Let z(k) = -k**3 + k**2 + k - 18. What is z(0)?
-18
Let d(m) = m**3 + 3*m**2 + 2*m - 3. What is d(-3)?
-9
Let x(k) = -k**2 - 3*k + 4. Give x(-5).
-6
Let y(k) = 13*k. Determine y(3).
39
Let w(t) = -4*t**3 - t**2 - 12*t - 7. What is w(-3)?
128
Let q(l) = 2*l + 12. Calculate q(-5).
2
Let w(z) = -z**3 - 10*z**2 + z + 3. Give w(-10).
-7
Let d(u) = 12*u - 290. Determine d(28).
46
Let p(w) = w**2 + 6*w - 5. Determine p(-8).
11
Let c(d) = d**3 - 10*d**2 + 2*d + 9. Give c(10).
29
Let t(n) = 3*n**2 - 9*n + 4. Give t(3).
4
Let b(p) = -15*p + 18. Give b(9).
-117
Let d(k) = -k**2 + k + 15. What is d(10)?
-75
Let q(b) = 5*b - 89. What is q(20)?
11
Let d(v) = v. Calculate d(0).
0
Let i(q) = 7*q + 6. Determine i(-2).
-8
Let v(s) = -s + 6. Determine v(13).
-7
Let j(z) = -z**3 - 10*z**2 - 12*z + 20. Determine j(-9).
47
Let g(r) = -4*r - 68. Calculate g(-18).
4
Let y(r) = -r**2 + 24*r - 112. Calculate y(16).
16
Let a(z) = 2*z**3 - 3*z**2 + 5*z - 2. What is a(2)?
12
Let o(y) = -y**2 - 13*y - 15. Determine o(-11).
7
Let m(z) = -4*z + 29. Give m(15).
-31
Let x(w) = -w**3 + 13*w**2 + 18*w - 40. Determine x(14).
16
Let l(f) = -13*f - 153. Determine l(-13).
16
Let d(f) = f**3 - 12*f**2 + 22*f - 16. Determine d(10).
4
Let q(j) = -j**3 - 5*j**2 + 6*j + 35. Determine q(-5).
5
Let z(c) = c**3 + 2*c**2 - 2*c + 6. What is z(-3)?
3
Let x(w) = 2*w**3 + 20*w**2 + 48*w + 1. Give x(-4).
1
Let r(c) = c**2 + 14*c + 13. Determine r(-13).
0
Let h(c) = c**3 - 7*c**2 + 6*c + 13. Give h(6).
13
Let m(u) = -2*u**2 + u - 7. Determine m(4).
-35
Let r(q) = -q**3 - 9*q**2 + 9*q - 15. Determine r(-10).
-5
Let o(m) = -m + 28. Give o(-8).
36
Let z(s) = -6*s**3 - 36*s**2 + 2*s + 12. Determine z(-6).
0
Let j(p) = p**2 + 3*p + 18. What is j(-6)?
36
Let o(x) = 4*x + 2. Calculate o(-2).
-6
Let w(q) = -4*q**2 - 5*q - 2. Calculate w(-3).
-23
Let d(h) = -7*h**2 + h + 2. What is d(-2)?
-28
Let l(z) = z**3 + 8*z**2 + 13*z - 2. Give l(-6).
-8
Let k(d) = 2*d**2 - 24*d + 48. What is k(10)?
8
Let n(f) = 3*f**2 - f - 17. Calculate n(-4).
35
Let q(d) = -2*d**2 - d - 4. What is q(3)?
-25
Let j(q) = 3*q**2 + 26*q + 12. Determine j(-6).
-36
Let s(p) = -p**2 - 15*p + 16. Determine s(-14).
30
Let x(o) = o**2 - 10*o - 15. Give x(11).
-4
Let f(g) = -2*g - 5. Give f(-3).
1
Let b(o) = -18*o - 20. Give b(-3).
34
Let u(z) = -2*z**2 - 21*z - 46. Give u(-4).
6
Let h(v) = -v**3 - 13*v**2 + 27*v - 48. Determine h(-15).
-3
Let b(s) = s**2 - 8*s + 9. Determine b(3).
-6
Let t(h) = -39*h - 229. Determine t(-6).
5
Let p(u) = -13*u + 7. What is p(-7)?
98
Let c(r) = 16*r - 30. Determine c(6).
66
Let i(n) = 5*n + 4. Calculate i(-6).
-26
Let t(h) = 3*h - 31. Calculate t(11).
2
Let p(u) = -2*u**2 - 3*u + 5. Give p(-2).
3
Let j(d) = d**3 - 8*d**2 - 10*d + 43. Give j(8).
-37
Let k(d) = -16*d**2 - 3*d + 6. Determine k(2).
-64
Let l(t) = -3*t**2 + 2*t - 1. Give l(1).
-2
Let z(r) = -r + 1. What is z(2)?
-1
Let i(r) = -r**2 - 4*r + 1. Determine i(-7).
-20
Let b(i) = 9*i - 9. Determine b(-11).
-108
Let d(s) = 2*s**2 - 4*s